o base 12.
-3567b9
What is 2302636 (base 7) in base 12?
119b1a
What is 112320202 (base 4) in base 5?
10444410
Convert 1835b4 (base 13) to base 12.
253598
Convert 21114401 (base 5) to base 10.
176226
Convert -868745 (base 12) to base 9.
-4005668
602d (base 14) to base 2
100000001111001
Convert 68595 (base 13) to base 10.
189909
What is -11001221111 (base 3) in base 10?
-80149
What is -1523235 (base 6) in base 10?
-88871
Convert -2c8ad1 (base 16) to base 6.
-142322241
Convert -57917 (base 11) to base 9.
-136641
What is 66165111 (base 8) in base 2?
110110001110101001001001
Convert -145525255 (base 6) to base 4.
-23232303203
Convert -310011130 (base 4) to base 3.
-101211122111
-60b7a8 (base 12) to base 11
-943929
-11111111111000011100 (base 2) to base 8
-3777034
1621282 (base 10) to base 13
449c50
4711487 (base 9) to base 7
30435034
Convert 1506663 (base 7) to base 14.
54533
What is -30113322 (base 4) in base 8?
-142772
What is -402656 (base 10) in base 8?
-1422340
-1334601 (base 9) to base 3
-1101011200001
Convert -2245225 (base 6) to base 5.
-12141332
What is a7b789 (base 12) in base 14?
4d10a5
What is -234236 (base 13) in base 14?
-17b292
-1312550 (base 6) to base 9
-118583
Convert -31332510 (base 7) to base 14.
-4cc840
What is 348036 (base 14) in base 9?
3326208
Convert -894d (base 16) to base 3.
-1210012211
What is 203302120202 (base 4) in base 13?
1c3613c
Convert 2314c5 (base 16) to base 13.
626601
What is 14738 (base 15) in base 5?
4101003
Convert 23b3906 (base 12) to base 14.
ccdca2
Convert -223155 (base 9) to base 7.
-1064216
What is 111111100101110110 (base 2) in base 8?
774566
What is -537318 (base 9) in base 11?
-1a9704
-2523043 (base 6) to base 7
-1102632
Convert -1a321d (base 15) to base 12.
-516684
Convert -332104210 (base 6) to base 2.
-10110110100001000001110
What is -15146263 (base 7) in base 2?
-101011111101010010000
Convert -1020013102 (base 4) to base 8.
-1100722
Convert 69621 (base 14) to base 9.
430635
13414454 (base 6) to base 5
104001341
114222044 (base 7) to base 2
11011000100111011011010
What is 702851 (base 12) in base 15?
24772d
What is 4005212 (base 6) in base 9?
315528
-213024430 (base 5) to base 3
-1201010200220
2616160 (base 8) to base 9
1328774
Convert 10110110011011010010 (base 2) to base 6.
24003202
899a78 (base 12) to base 11
1269727
What is 13567 (base 11) in base 8?
45560
What is -41772 (base 12) in base 4?
-110330012
Convert -695d7 (base 14) to base 8.
-764551
Convert -1264210 (base 7) to base 14.
-44cb0
Convert 3320110 (base 4) to base 5.
1002032
Convert 101575 (base 10) to base 6.
2102131
-1068548 (base 10) to base 3
-2000021202212
Convert -adf5 (base 16) to base 4.
-22313311
-1001100101110010110110 (base 2) to base 5
-1120422402
1212021120211 (base 3) to base 2
11110001100111110000
Convert 4000620 (base 7) to base 3.
212220221220
-3362 (base 14) to base 3
-110012212
-442423014 (base 5) to base 14
-37dbc4
What is 1881cc (base 13) in base 10?
617694
-100000011000101101000010 (base 2) to base 14
-11add3c
Convert 56509b (base 12) to base 16.
150437
Convert -876c12 (base 13) to base 15.
-42dcb6
Convert 12ba048 (base 14) to base 8.
42426040
Convert 17439 (base 13) to base 2.
1010111001111000
-11101100000001101 (base 2) to base 15
-25c15
-31402110 (base 6) to base 8
-3401032
Convert 1110111101101111101 (base 2) to base 5.
111142430
What is 4002030 (base 5) in base 2?
1111010100101101
1b0a09 (base 14) to base 4
3222331001
63ba6 (base 14) to base 13
8592a
What is 50052 (base 9) in base 10?
32852
What is 1c5c5 (base 15) in base 16?
16913
What is -6547 (base 12) in base 14?
-40bd
Convert 518055 (base 9) to base 12.
12a088
What is -2101332231 (base 4) in base 9?
-1111180
What is -1420617 (base 8) in base 14?
-a6607
What is -11000100111011110100 (base 2) in base 16?
-c4ef4
Convert -4004331112 (base 5) to base 11.
-44a71a1
What is 98274a (base 11) in base 12?
63879a
-1001100000001000001 (base 2) to base 14
-81681
Convert -b9b18 (base 14) to base 8.
-1555652
Convert 1434761 (base 8) to base 4.
1203213301
Convert 3b7919 (base 14) to base 8.
7661523
What is -52af9 (base 16) in base 10?
-338681
Convert -1652420 (base 7) to base 5.
-24401032
-114c4a (base 14) to base 13
-1784c6
50011313 (base 6) to base 4
11112013131
Convert -16143342 (base 8) to base 7.
-43425123
What is 122132112 (base 4) in base 6?
2154010
What is -10001011101110110 (base 2) in base 7?
-415402
Convert -2302505 (base 6) to base 8.
-345011
What is -36606b (base 12) in base 16?
-d72d3
Convert 21951 (base 15) to base 14.
2ac74
3940 (base 10) to base 9
5357
What is 3444501 (base 8) in base 13?
26a1ca
-b8595 (base 13) to base 7
-2554004
What is -a2481 (base 13) in base 7?
-2320525
What is 564671 (base 15) in base 9?
7662457
Convert 3ad161 (base 14) to base 7.
23166551
Convert -53b980 (base 13) to base 4.
-13200131010
200000122101110 (base 3) to base 9
20018343
What is 6252a (base 12) in base 5?
13104001
Convert -303109 (base 14) to base 7.
-16533412
Convert -10101001101011000010 (base 2) to base 11.
-435169
What is 1001101011101000100 (base 2) in base 3?
121010012002
What is -315814 (base 9) in base 7?
-1412101
What is -38724b (base 13) in base 4?
-11023211003
What is 13633250 (base 7) in base 5?
312120242
Convert 404a (base 11) to base 9.
7335
Convert 11200002020 (base 3) to base 6.
1545310
Convert -33332011200 (base 4) to base 5.
-2032431324
What is 256451664 (base 7) in base 3?
1010220220000100
What is 146120a (base 11) in base 13?
699383
What is -10000010010011001001110 (base 2) in base 14?
-7d1dca
Convert -100100220 (base 3) to base 13.
-3153
What is 12220000211110 (base 3) in base 5?
1300131303
Convert -2d8dc (base 14) to base 16.
-1be5a
What is -1a71e (base 16) in base 8?
-323436
Convert -36025101 (base 7) to base 4.
-30021013302
What is 11489a (base 11) in base 6?
3523005
What is 230001311 (base 4) in base 12?
88445
Convert 29487 (base 10) to base 6.
344303
What is -33110232023 (base 4) in base 8?
-17245613
What is 11509ac (base 13) in base 6?
310302042
What is -110101110000101100 (base 2) in base 15?
-453a4
Convert 36071807 (base 9) to base 4.
1003011023200
What is -18204 (base 10) in base 15?
-55d9
Convert -1ba2c (base 16) to base 14.
-2d376
What is -11011002101 (base 3) in base 15?
-19327
Convert -4286 (base 16) to base 3.
-212100202
Convert -114342401 (base 5) to base 3.
-1000121111202
What is 1022742 (base 8) in base 3?
111210220020
11100110000111101001010 (base 2) to base 10
7540554
What is -803653 (base 9) in base 7?
-4016112
What is -10112022002 (base 3) in base 15?
-158b8
Convert 3002320000 (base 4) to base 2.
11000010111000000000
-50036430 (base 7) to base 3
-21202200110000
What is 641204 (base 7) in base 3?
12122010002
Convert 5d3c4 (base 14) to base 3.
102121110102
Convert -954703 (base 11) to base 16.
-175406
10221223000 (base 4) to base 13
338c77
Convert -86326 (base 9) to base 5.
-3312004
What is -550261 (base 7) in base 13?
-34a17
What is 1110101111010001100 (base 2) in base 14?
c800c
-3b0cb (base 16) to base 9
-407701
What is 71520 (base 9) in base 2?
1011011111100111
Convert -330656 (base 8) to base 2.
-11011000110101110
What is 30b72a (base 13) in base 7?
12453321
What is 110111001100111110100001 (base 2) in base 13?
2cc8986
What is 87358 (base 12) in base 15?
37d3e
2112222221 (base 3) to base 11
34877
What is -43410443 (base 6) in base 11?
-802a03
99354 (base 15) to base 11
302784
Convert -212330330 (base 5) to base 10.
-901965
Convert 22231101310 (base 4) to base 7.
32600245
-310142014 (base 6) to base 13
-1149052
2230301222 (base 4) to base 5
140121230
Convert -518744 (base 11) to base 16.
-cafcf
What is 150db8 (base 14) in base 15?
e710e
What is -6e8405 (base 15) in base 13?
-11341c7
20050214 (base 6) to base 3
1001210000001
What is -2241204 (base 5) in base 12?
-1b303
Convert 205925 (base 11) to base 16.
50891
What is 7539c (base 13) in base 12?
a2510
1bd18d (base 15) to base 13
388327
What is 2451773 (base 9) in base 3?
2111201212110
74a20 (base 11) to base 9
175518
1366000 (base 8) to base 5
44404341
Convert 22221100021222 (base 3) to base 7.
55243334
What is 3db633 (base 14) in base 15?
2c5525
-351446 (base 13) to base 5
-310301430
459741 (base 12) to base 5
241144432
What is 44c4a (base 14) in base 12?
80816
What is -13